{"id":145,"date":"2013-03-14T16:43:29","date_gmt":"2013-03-14T15:43:29","guid":{"rendered":"http:\/\/www.dulioncharpente.fr\/realisations-charpentes-monuments-historiques\/?page_id=145"},"modified":"2021-12-18T16:46:31","modified_gmt":"2021-12-18T15:46:31","slug":"plafonds-a-decors","status":"publish","type":"page","link":"https:\/\/www.dulioncharpente.fr\/realisations-charpentes-monuments-historiques\/planchers-et-plafonds\/plafonds-a-decors\/","title":{"rendered":"Plafonds \u00e0 d\u00e9cors peints"},"content":{"rendered":"<section class=\"wpb-content-wrapper\"><p>[vc_row][vc_column][vc_column_text]<div id=\"new-royalslider-9\" class=\"royalSlider new-royalslider-9 rsMinW rs-image-gallery\" style=\"width:100%;height:500px;;\" data-rs-options='{&quot;template&quot;:&quot;default&quot;,&quot;image_generation&quot;:{&quot;lazyLoading&quot;:&quot;true&quot;,&quot;imageWidth&quot;:&quot;&quot;,&quot;imageHeight&quot;:&quot;&quot;,&quot;thumbImageWidth&quot;:96,&quot;thumbImageHeight&quot;:72},&quot;thumbs&quot;:{&quot;paddingBottom&quot;:4,&quot;thumbWidth&quot;:96,&quot;thumbHeight&quot;:72,&quot;appendSpan&quot;:&quot;true&quot;},&quot;fullscreen&quot;:{&quot;enabled&quot;:&quot;true&quot;,&quot;nativeFS&quot;:&quot;true&quot;},&quot;block&quot;:{&quot;moveOffset&quot;:20,&quot;speed&quot;:400,&quot;delay&quot;:200},&quot;width&quot;:&quot;100%&quot;,&quot;height&quot;:500,&quot;autoScaleSlider&quot;:&quot;true&quot;,&quot;autoScaleSliderWidth&quot;:960,&quot;autoScaleSliderHeight&quot;:850,&quot;controlNavigation&quot;:&quot;thumbnails&quot;,&quot;arrowsNavHideOnTouch&quot;:&quot;true&quot;,&quot;globalCaption&quot;:&quot;true&quot;,&quot;globalCaptionInside&quot;:&quot;true&quot;,&quot;keyboardNavEnabled&quot;:&quot;true&quot;,&quot;fadeinLoadedSlide&quot;:&quot;false&quot;}'>\n<div class=\"rsContent\">\n  <a class=\"rsImg\" href=\"https:\/\/www.dulioncharpente.fr\/realisations-charpentes-monuments-historiques\/wp-content\/uploads\/1203754964269b.jpg\" data-rsBigImg=\"https:\/\/www.dulioncharpente.fr\/realisations-charpentes-monuments-historiques\/wp-content\/uploads\/1203754964269b.jpg\">Plafond \u00e0 la fran\u00e7aise en ch\u00eane \u00e0 d\u00e9cors peints<\/a>\n  <div class=\"rsTmb\"><img src=\"https:\/\/www.dulioncharpente.fr\/realisations-charpentes-monuments-historiques\/wp-content\/uploads\/1203754964269b-96x72.jpg\" alt=\"\" \/><\/div>\n  \n  \n<\/div>\n<div class=\"rsContent\">\n  <a class=\"rsImg\" href=\"https:\/\/www.dulioncharpente.fr\/realisations-charpentes-monuments-historiques\/wp-content\/uploads\/1203754840uq7t.jpg\" data-rsBigImg=\"https:\/\/www.dulioncharpente.fr\/realisations-charpentes-monuments-historiques\/wp-content\/uploads\/1203754840uq7t.jpg\">Plafond \u00e0 la fran\u00e7aise en ch\u00eane \u00e0 d\u00e9cors peints<\/a>\n  <div class=\"rsTmb\"><img src=\"https:\/\/www.dulioncharpente.fr\/realisations-charpentes-monuments-historiques\/wp-content\/uploads\/1203754840uq7t-96x72.jpg\" alt=\"\" \/><\/div>\n  \n  \n<\/div>\n<div class=\"rsContent\">\n  <a class=\"rsImg\" href=\"https:\/\/www.dulioncharpente.fr\/realisations-charpentes-monuments-historiques\/wp-content\/uploads\/1203754981H5fC.jpg\" data-rsBigImg=\"https:\/\/www.dulioncharpente.fr\/realisations-charpentes-monuments-historiques\/wp-content\/uploads\/1203754981H5fC.jpg\">Plafond \u00e0 la fran\u00e7aise en ch\u00eane \u00e0 d\u00e9cors peints<\/a>\n  <div class=\"rsTmb\"><img src=\"https:\/\/www.dulioncharpente.fr\/realisations-charpentes-monuments-historiques\/wp-content\/uploads\/1203754981H5fC-96x72.jpg\" alt=\"\" \/><\/div>\n  \n  \n<\/div>\n<div class=\"rsContent\">\n  <a class=\"rsImg\" href=\"https:\/\/www.dulioncharpente.fr\/realisations-charpentes-monuments-historiques\/wp-content\/uploads\/1203754999e9US.jpg\" data-rsBigImg=\"https:\/\/www.dulioncharpente.fr\/realisations-charpentes-monuments-historiques\/wp-content\/uploads\/1203754999e9US.jpg\">Plafond \u00e0 la fran\u00e7aise en ch\u00eane \u00e0 d\u00e9cors peints<\/a>\n  <div class=\"rsTmb\"><img src=\"https:\/\/www.dulioncharpente.fr\/realisations-charpentes-monuments-historiques\/wp-content\/uploads\/1203754999e9US-96x72.jpg\" alt=\"\" \/><\/div>\n  \n  \n<\/div>\n<div class=\"rsContent\">\n  <a class=\"rsImg\" href=\"https:\/\/www.dulioncharpente.fr\/realisations-charpentes-monuments-historiques\/wp-content\/uploads\/1203755015lmnr.jpg\" data-rsBigImg=\"https:\/\/www.dulioncharpente.fr\/realisations-charpentes-monuments-historiques\/wp-content\/uploads\/1203755015lmnr.jpg\">Plafond \u00e0 la fran\u00e7aise en ch\u00eane \u00e0 d\u00e9cors peints<\/a>\n  <div class=\"rsTmb\"><img src=\"https:\/\/www.dulioncharpente.fr\/realisations-charpentes-monuments-historiques\/wp-content\/uploads\/1203755015lmnr-96x72.jpg\" alt=\"\" \/><\/div>\n  \n  \n<\/div>\n\n<\/div>\n<p>[\/vc_column_text][vc_row_inner][vc_column_inner width=\u00a0\u00bb1\/2&Prime;][vc_column_text css=\u00a0\u00bb.vc_custom_1639842388294{margin-bottom: 10px !important;}\u00a0\u00bb]<\/p>\n<ul>\n<li><strong><a href=\"https:\/\/www.dulioncharpente.fr\/realisations-charpentes-monuments-historiques\/planchers-et-plafonds\/plafonds-a-la-francaise\/\">Plafonds \u00e0 la fran\u00e7aise<\/a><\/strong><\/li>\n<\/ul>\n<p>[\/vc_column_text][\/vc_column_inner][vc_column_inner width=\u00a0\u00bb1\/2&Prime;][vc_column_text]<\/p>\n<ul>\n<li><strong style=\"line-height: 19px;\"><a href=\"https:\/\/www.dulioncharpente.fr\/realisations-charpentes-monuments-historiques\/planchers-et-plafonds\/restauration-de-planchers\/\">Restauration de planchers<\/a><\/strong><\/li>\n<li><strong style=\"line-height: 19px;\"><a href=\"https:\/\/www.dulioncharpente.fr\/realisations-charpentes-monuments-historiques\/planchers-et-plafonds\/planchers-neufs\/\">Planchers neufs<\/a><\/strong><\/li>\n<\/ul>\n<p>[\/vc_column_text][\/vc_column_inner][\/vc_row_inner][\/vc_column][\/vc_row]<\/p>\n<\/section>","protected":false},"excerpt":{"rendered":"<p>[vc_row][vc_column][vc_column_text] [\/vc_column_text][vc_row_inner][vc_column_inner width=\u00a0\u00bb1\/2&Prime;][vc_column_text css=\u00a0\u00bb.vc_custom_1639842388294{margin-bottom: 10px !important;}\u00a0\u00bb] Plafonds \u00e0 la fran\u00e7aise [\/vc_column_text][\/vc_column_inner][vc_column_inner width=\u00a0\u00bb1\/2&Prime;][vc_column_text] Restauration de planchers Planchers neufs [\/vc_column_text][\/vc_column_inner][\/vc_row_inner][\/vc_column][\/vc_row]<\/p>\n","protected":false},"author":1,"featured_media":0,"parent":30,"menu_order":0,"comment_status":"closed","ping_status":"open","template":"","meta":[],"_links":{"self":[{"href":"https:\/\/www.dulioncharpente.fr\/realisations-charpentes-monuments-historiques\/wp-json\/wp\/v2\/pages\/145"}],"collection":[{"href":"https:\/\/www.dulioncharpente.fr\/realisations-charpentes-monuments-historiques\/wp-json\/wp\/v2\/pages"}],"about":[{"href":"https:\/\/www.dulioncharpente.fr\/realisations-charpentes-monuments-historiques\/wp-json\/wp\/v2\/types\/page"}],"author":[{"embeddable":true,"href":"https:\/\/www.dulioncharpente.fr\/realisations-charpentes-monuments-historiques\/wp-json\/wp\/v2\/users\/1"}],"replies":[{"embeddable":true,"href":"https:\/\/www.dulioncharpente.fr\/realisations-charpentes-monuments-historiques\/wp-json\/wp\/v2\/comments?post=145"}],"version-history":[{"count":6,"href":"https:\/\/www.dulioncharpente.fr\/realisations-charpentes-monuments-historiques\/wp-json\/wp\/v2\/pages\/145\/revisions"}],"predecessor-version":[{"id":1176,"href":"https:\/\/www.dulioncharpente.fr\/realisations-charpentes-monuments-historiques\/wp-json\/wp\/v2\/pages\/145\/revisions\/1176"}],"up":[{"embeddable":true,"href":"https:\/\/www.dulioncharpente.fr\/realisations-charpentes-monuments-historiques\/wp-json\/wp\/v2\/pages\/30"}],"wp:attachment":[{"href":"https:\/\/www.dulioncharpente.fr\/realisations-charpentes-monuments-historiques\/wp-json\/wp\/v2\/media?parent=145"}],"curies":[{"name":"wp","href":"https:\/\/api.w.org\/{rel}","templated":true}]}}

Plafonds à décors peints

<section class="wpb-content-wrapper"><p>[vc_row][vc_column][vc_column_text]<div id="new-royalslider-9" class="royalSlider new-royalslider-9 rsMinW rs-image-gallery" style="width:100%;height:500px;;" data-rs-options='{&quot;template&quot;:&quot;default&quot;,&quot;image_generation&quot;:{&quot;lazyLoading&quot;:&quot;true&quot;,&quot;imageWidth&quot;:&quot;&quot;,&quot;imageHeight&quot;:&quot;&quot;,&quot;thumbImageWidth&quot;:96,&quot;thumbImageHeight&quot;:72},&quot;thumbs&quot;:{&quot;paddingBottom&quot;:4,&quot;thumbWidth&quot;:96,&quot;thumbHeight&quot;:72,&quot;appendSpan&quot;:&quot;true&quot;},&quot;fullscreen&quot;:{&quot;enabled&quot;:&quot;true&quot;,&quot;nativeFS&quot;:&quot;true&quot;},&quot;block&quot;:{&quot;moveOffset&quot;:20,&quot;speed&quot;:400,&quot;delay&quot;:200},&quot;width&quot;:&quot;100%&quot;,&quot;height&quot;:500,&quot;autoScaleSlider&quot;:&quot;true&quot;,&quot;autoScaleSliderWidth&quot;:960,&quot;autoScaleSliderHeight&quot;:850,&quot;controlNavigation&quot;:&quot;thumbnails&quot;,&quot;arrowsNavHideOnTouch&quot;:&quot;true&quot;,&quot;globalCaption&quot;:&quot;true&quot;,&quot;globalCaptionInside&quot;:&quot;true&quot;,&quot;keyboardNavEnabled&quot;:&quot;true&quot;,&quot;fadeinLoadedSlide&quot;:&quot;false&quot;}'>
<div class="rsContent">
  <a class="rsImg" href="https://www.dulioncharpente.fr/realisations-charpentes-monuments-historiques/wp-content/uploads/1203754964269b.jpg" data-rsBigImg="https://www.dulioncharpente.fr/realisations-charpentes-monuments-historiques/wp-content/uploads/1203754964269b.jpg">Plafond à la française en chêne à décors peints</a>
  <div class="rsTmb"><img src="https://www.dulioncharpente.fr/realisations-charpentes-monuments-historiques/wp-content/uploads/1203754964269b-96x72.jpg" alt="" /></div>
  
  
</div>
<div class="rsContent">
  <a class="rsImg" href="https://www.dulioncharpente.fr/realisations-charpentes-monuments-historiques/wp-content/uploads/1203754840uq7t.jpg" data-rsBigImg="https://www.dulioncharpente.fr/realisations-charpentes-monuments-historiques/wp-content/uploads/1203754840uq7t.jpg">Plafond à la française en chêne à décors peints</a>
  <div class="rsTmb"><img src="https://www.dulioncharpente.fr/realisations-charpentes-monuments-historiques/wp-content/uploads/1203754840uq7t-96x72.jpg" alt="" /></div>
  
  
</div>
<div class="rsContent">
  <a class="rsImg" href="https://www.dulioncharpente.fr/realisations-charpentes-monuments-historiques/wp-content/uploads/1203754981H5fC.jpg" data-rsBigImg="https://www.dulioncharpente.fr/realisations-charpentes-monuments-historiques/wp-content/uploads/1203754981H5fC.jpg">Plafond à la française en chêne à décors peints</a>
  <div class="rsTmb"><img src="https://www.dulioncharpente.fr/realisations-charpentes-monuments-historiques/wp-content/uploads/1203754981H5fC-96x72.jpg" alt="" /></div>
  
  
</div>
<div class="rsContent">
  <a class="rsImg" href="https://www.dulioncharpente.fr/realisations-charpentes-monuments-historiques/wp-content/uploads/1203754999e9US.jpg" data-rsBigImg="https://www.dulioncharpente.fr/realisations-charpentes-monuments-historiques/wp-content/uploads/1203754999e9US.jpg">Plafond à la française en chêne à décors peints</a>
  <div class="rsTmb"><img src="https://www.dulioncharpente.fr/realisations-charpentes-monuments-historiques/wp-content/uploads/1203754999e9US-96x72.jpg" alt="" /></div>
  
  
</div>
<div class="rsContent">
  <a class="rsImg" href="https://www.dulioncharpente.fr/realisations-charpentes-monuments-historiques/wp-content/uploads/1203755015lmnr.jpg" data-rsBigImg="https://www.dulioncharpente.fr/realisations-charpentes-monuments-historiques/wp-content/uploads/1203755015lmnr.jpg">Plafond à la française en chêne à décors peints</a>
  <div class="rsTmb"><img src="https://www.dulioncharpente.fr/realisations-charpentes-monuments-historiques/wp-content/uploads/1203755015lmnr-96x72.jpg" alt="" /></div>
  
  
</div>

</div>
<p>[/vc_column_text][vc_row_inner][vc_column_inner width= »1/2&Prime;][vc_column_text css= ».vc_custom_1639842388294{margin-bottom: 10px !important;} »]</p>
<ul>
<li><strong><a href="https://www.dulioncharpente.fr/realisations-charpentes-monuments-historiques/planchers-et-plafonds/plafonds-a-la-francaise/">Plafonds à la française</a></strong></li>
</ul>
<p>[/vc_column_text][/vc_column_inner][vc_column_inner width= »1/2&Prime;][vc_column_text]</p>
<ul>
<li><strong style="line-height: 19px;"><a href="https://www.dulioncharpente.fr/realisations-charpentes-monuments-historiques/planchers-et-plafonds/restauration-de-planchers/">Restauration de planchers</a></strong></li>
<li><strong style="line-height: 19px;"><a href="https://www.dulioncharpente.fr/realisations-charpentes-monuments-historiques/planchers-et-plafonds/planchers-neufs/">Planchers neufs</a></strong></li>
</ul>
<p>[/vc_column_text][/vc_column_inner][/vc_row_inner][/vc_column][/vc_row]</p>
</section>

<p>[vc_row][vc_column][vc_column_text] [/vc_column_text][vc_row_inner][vc_column_inner width= »1/2&Prime;][vc_column_text css= ».vc_custom_1639842388294{margin-bottom: 10px !important;} »] Plafonds à la française [/vc_column_text][/vc_column_inner][vc_column_inner width= »1/2&Prime;][vc_column_text] Restauration de planchers Planchers neufs [/vc_column_text][/vc_column_inner][/vc_row_inner][/vc_column][/vc_row]</p>
