{"id":17,"date":"2014-04-02T16:04:15","date_gmt":"2014-04-02T15:04:15","guid":{"rendered":"http:\/\/www.dulioncharpente.fr\/charpente-couverture-patrimoine-bourgogne\/?page_id=17"},"modified":"2021-12-22T16:09:06","modified_gmt":"2021-12-22T15:09:06","slug":"moulins","status":"publish","type":"page","link":"https:\/\/www.dulioncharpente.fr\/charpente-couverture-patrimoine-bourgogne\/moulins\/","title":{"rendered":"Sites &#038; Moulins \u00e0 eau"},"content":{"rendered":"<div id=\"new-royalslider-6\" class=\"royalSlider new-royalslider-6 rsMinW rs-image-gallery\" style=\"width:100%;height:500px;;\" data-rs-options='{&quot;template&quot;:&quot;default&quot;,&quot;image_generation&quot;:{&quot;lazyLoading&quot;:&quot;true&quot;,&quot;imageWidth&quot;:&quot;&quot;,&quot;imageHeight&quot;:&quot;&quot;,&quot;thumbImageWidth&quot;:96,&quot;thumbImageHeight&quot;:72},&quot;thumbs&quot;:{&quot;paddingBottom&quot;:4,&quot;thumbWidth&quot;:96,&quot;thumbHeight&quot;:72,&quot;appendSpan&quot;:&quot;true&quot;},&quot;fullscreen&quot;:{&quot;enabled&quot;:&quot;true&quot;,&quot;nativeFS&quot;:&quot;true&quot;},&quot;video&quot;:{&quot;vimeoCode&quot;:&quot;&lt;iframe src=\\&quot;http:\\\/\\\/player.vimeo.com\\\/video\\\/%id%?byline=0&amp;portrait=0&amp;autoplay=1\\&quot; frameborder=\\&quot;no\\&quot; webkitAllowFullScreen mozallowfullscreen allowFullScreen&gt;&lt;\\\/iframe&gt;&quot;},&quot;block&quot;:{&quot;moveOffset&quot;:20,&quot;speed&quot;:400,&quot;delay&quot;:200},&quot;width&quot;:&quot;100%&quot;,&quot;height&quot;:500,&quot;autoScaleSlider&quot;:&quot;true&quot;,&quot;autoScaleSliderWidth&quot;:960,&quot;autoScaleSliderHeight&quot;:850,&quot;controlNavigation&quot;:&quot;thumbnails&quot;,&quot;arrowsNavHideOnTouch&quot;:&quot;true&quot;,&quot;globalCaption&quot;:&quot;true&quot;,&quot;globalCaptionInside&quot;:&quot;true&quot;,&quot;keyboardNavEnabled&quot;:&quot;true&quot;,&quot;fadeinLoadedSlide&quot;:&quot;false&quot;}'>\n<div class=\"rsContent\">\n  <a class=\"rsImg\" href=\"https:\/\/www.dulioncharpente.fr\/charpente-couverture-patrimoine-bourgogne\/wp-content\/uploads\/restauration-moulin-a-eau-ecomusee-alsace-1024x768.jpg\" data-rsBigImg=\"https:\/\/www.dulioncharpente.fr\/charpente-couverture-patrimoine-bourgogne\/wp-content\/uploads\/restauration-moulin-a-eau-ecomusee-alsace.jpg\">Restauration moulin \u00e0 eau, Ecomus\u00e9e d'Alsace<\/a>\n  <div class=\"rsTmb\"><img src=\"https:\/\/www.dulioncharpente.fr\/charpente-couverture-patrimoine-bourgogne\/wp-content\/uploads\/restauration-moulin-a-eau-ecomusee-alsace-96x72.jpg\" alt=\"\" \/><\/div>\n  \n  \n<\/div>\n<div class=\"rsContent\">\n  <a class=\"rsImg\" href=\"https:\/\/www.dulioncharpente.fr\/charpente-couverture-patrimoine-bourgogne\/wp-content\/uploads\/renovation-roue-a-augets-moulin-a-eau-ecomusee-alsace-1024x768.jpg\" data-rsBigImg=\"https:\/\/www.dulioncharpente.fr\/charpente-couverture-patrimoine-bourgogne\/wp-content\/uploads\/renovation-roue-a-augets-moulin-a-eau-ecomusee-alsace.jpg\">R\u00e9novation roue \u00e0 augets, moulin \u00e0 eau Ecomus\u00e9e d'Alsace<\/a>\n  <div class=\"rsTmb\"><img src=\"https:\/\/www.dulioncharpente.fr\/charpente-couverture-patrimoine-bourgogne\/wp-content\/uploads\/renovation-roue-a-augets-moulin-a-eau-ecomusee-alsace-96x72.jpg\" alt=\"\" \/><\/div>\n  \n  \n<\/div>\n<div class=\"rsContent\">\n  <a class=\"rsImg\" href=\"https:\/\/www.dulioncharpente.fr\/charpente-couverture-patrimoine-bourgogne\/wp-content\/uploads\/moulin-a-eau-ecomusee-alsace-1024x768.jpg\" data-rsBigImg=\"https:\/\/www.dulioncharpente.fr\/charpente-couverture-patrimoine-bourgogne\/wp-content\/uploads\/moulin-a-eau-ecomusee-alsace.jpg\">Moulin \u00e0 eau Ecomus\u00e9e d'Alsace<\/a>\n  <div class=\"rsTmb\"><img src=\"https:\/\/www.dulioncharpente.fr\/charpente-couverture-patrimoine-bourgogne\/wp-content\/uploads\/moulin-a-eau-ecomusee-alsace-96x72.jpg\" alt=\"\" \/><\/div>\n  \n  \n<\/div>\n<div class=\"rsContent\">\n  <a class=\"rsImg\" href=\"https:\/\/www.dulioncharpente.fr\/charpente-couverture-patrimoine-bourgogne\/wp-content\/uploads\/resnovation-roue-a-augets-1024x768.jpg\" data-rsBigImg=\"https:\/\/www.dulioncharpente.fr\/charpente-couverture-patrimoine-bourgogne\/wp-content\/uploads\/resnovation-roue-a-augets.jpg\">R\u00e9novation roue \u00e0 augets<\/a>\n  <div class=\"rsTmb\"><img src=\"https:\/\/www.dulioncharpente.fr\/charpente-couverture-patrimoine-bourgogne\/wp-content\/uploads\/resnovation-roue-a-augets-96x72.jpg\" alt=\"\" \/><\/div>\n  \n  \n<\/div>\n<div class=\"rsContent\">\n  <a class=\"rsImg\" href=\"https:\/\/www.dulioncharpente.fr\/charpente-couverture-patrimoine-bourgogne\/wp-content\/uploads\/Ancy-1024x716.jpg\" data-rsBigImg=\"https:\/\/www.dulioncharpente.fr\/charpente-couverture-patrimoine-bourgogne\/wp-content\/uploads\/Ancy.jpg\">Ancy<\/a>\n  <div class=\"rsTmb\"><img src=\"https:\/\/www.dulioncharpente.fr\/charpente-couverture-patrimoine-bourgogne\/wp-content\/uploads\/Ancy-96x72.jpg\" alt=\"\" \/><\/div>\n  \n  \n<\/div>\n<div class=\"rsContent\">\n  <a class=\"rsImg\" href=\"https:\/\/www.dulioncharpente.fr\/charpente-couverture-patrimoine-bourgogne\/wp-content\/uploads\/Forge-de-Buffon-1024x768.jpg\" data-rsBigImg=\"https:\/\/www.dulioncharpente.fr\/charpente-couverture-patrimoine-bourgogne\/wp-content\/uploads\/Forge-de-Buffon.jpg\">Forge de Buffon<\/a>\n  <div class=\"rsTmb\"><img src=\"https:\/\/www.dulioncharpente.fr\/charpente-couverture-patrimoine-bourgogne\/wp-content\/uploads\/Forge-de-Buffon-96x72.jpg\" alt=\"\" \/><\/div>\n  \n  \n<\/div>\n<div class=\"rsContent\">\n  <a class=\"rsImg\" href=\"https:\/\/www.dulioncharpente.fr\/charpente-couverture-patrimoine-bourgogne\/wp-content\/uploads\/Moulin-de-Fulvy-1024x768.jpg\" data-rsBigImg=\"https:\/\/www.dulioncharpente.fr\/charpente-couverture-patrimoine-bourgogne\/wp-content\/uploads\/Moulin-de-Fulvy.jpg\">Moulin de Fulvy<\/a>\n  <div class=\"rsTmb\"><img src=\"https:\/\/www.dulioncharpente.fr\/charpente-couverture-patrimoine-bourgogne\/wp-content\/uploads\/Moulin-de-Fulvy-96x72.jpg\" alt=\"\" \/><\/div>\n  \n  \n<\/div>\n<div class=\"rsContent\">\n  <a class=\"rsImg\" href=\"https:\/\/www.dulioncharpente.fr\/charpente-couverture-patrimoine-bourgogne\/wp-content\/uploads\/Quincy-1024x768.jpg\" data-rsBigImg=\"https:\/\/www.dulioncharpente.fr\/charpente-couverture-patrimoine-bourgogne\/wp-content\/uploads\/Quincy.jpg\">Quincy<\/a>\n  <div class=\"rsTmb\"><img src=\"https:\/\/www.dulioncharpente.fr\/charpente-couverture-patrimoine-bourgogne\/wp-content\/uploads\/Quincy-96x72.jpg\" alt=\"\" \/><\/div>\n  \n  \n<\/div>\n<div class=\"rsContent\">\n  <a class=\"rsImg\" href=\"https:\/\/www.dulioncharpente.fr\/charpente-couverture-patrimoine-bourgogne\/wp-content\/uploads\/Lezinnes-1024x769.jpg\" data-rsBigImg=\"https:\/\/www.dulioncharpente.fr\/charpente-couverture-patrimoine-bourgogne\/wp-content\/uploads\/Lezinnes.jpg\">Lezinnes<\/a>\n  <div class=\"rsTmb\"><img src=\"https:\/\/www.dulioncharpente.fr\/charpente-couverture-patrimoine-bourgogne\/wp-content\/uploads\/Lezinnes-96x72.jpg\" alt=\"\" \/><\/div>\n  \n  \n<\/div>\n<div class=\"rsContent\">\n  <a class=\"rsImg\" href=\"https:\/\/www.dulioncharpente.fr\/charpente-couverture-patrimoine-bourgogne\/wp-content\/uploads\/Poilly-sur-Serein-1024x682.jpg\" data-rsBigImg=\"https:\/\/www.dulioncharpente.fr\/charpente-couverture-patrimoine-bourgogne\/wp-content\/uploads\/Poilly-sur-Serein.jpg\">Poilly-sur-Serein<\/a>\n  <div class=\"rsTmb\"><img src=\"https:\/\/www.dulioncharpente.fr\/charpente-couverture-patrimoine-bourgogne\/wp-content\/uploads\/Poilly-sur-Serein-96x72.jpg\" alt=\"\" \/><\/div>\n  \n  \n<\/div>\n\n<\/div>\n\n","protected":false},"excerpt":{"rendered":"","protected":false},"author":1,"featured_media":0,"parent":0,"menu_order":0,"comment_status":"closed","ping_status":"closed","template":"","meta":[],"_links":{"self":[{"href":"https:\/\/www.dulioncharpente.fr\/charpente-couverture-patrimoine-bourgogne\/wp-json\/wp\/v2\/pages\/17"}],"collection":[{"href":"https:\/\/www.dulioncharpente.fr\/charpente-couverture-patrimoine-bourgogne\/wp-json\/wp\/v2\/pages"}],"about":[{"href":"https:\/\/www.dulioncharpente.fr\/charpente-couverture-patrimoine-bourgogne\/wp-json\/wp\/v2\/types\/page"}],"author":[{"embeddable":true,"href":"https:\/\/www.dulioncharpente.fr\/charpente-couverture-patrimoine-bourgogne\/wp-json\/wp\/v2\/users\/1"}],"replies":[{"embeddable":true,"href":"https:\/\/www.dulioncharpente.fr\/charpente-couverture-patrimoine-bourgogne\/wp-json\/wp\/v2\/comments?post=17"}],"version-history":[{"count":4,"href":"https:\/\/www.dulioncharpente.fr\/charpente-couverture-patrimoine-bourgogne\/wp-json\/wp\/v2\/pages\/17\/revisions"}],"predecessor-version":[{"id":554,"href":"https:\/\/www.dulioncharpente.fr\/charpente-couverture-patrimoine-bourgogne\/wp-json\/wp\/v2\/pages\/17\/revisions\/554"}],"wp:attachment":[{"href":"https:\/\/www.dulioncharpente.fr\/charpente-couverture-patrimoine-bourgogne\/wp-json\/wp\/v2\/media?parent=17"}],"curies":[{"name":"wp","href":"https:\/\/api.w.org\/{rel}","templated":true}]}}